{"id":495,"date":"2026-03-09T13:22:13","date_gmt":"2026-03-09T19:22:13","guid":{"rendered":"https:\/\/www.momentumoptimum.com\/marketplace\/?page_id=495"},"modified":"2026-03-09T13:22:13","modified_gmt":"2026-03-09T19:22:13","slug":"politicas-de-ventas","status":"publish","type":"page","link":"https:\/\/www.momentumoptimum.com\/marketplace\/politicas-de-ventas\/","title":{"rendered":"Pol\u00edticas de ventas"},"content":{"rendered":"\n<h1 class=\"wp-block-heading\">Pol\u00edticas de ventas<\/h1>\n\n\n\n<p class=\"wp-block-paragraph\"><strong>OBLIGACIONES DEL VENDEDOR<\/strong><\/p>\n\n\n\n<p class=\"wp-block-paragraph\">El Usuario Vendedor debe tener capacidad legal para vender el bien objeto de su oferta. Solamente en casos excepcionales el Vendedor podr\u00e1 retractarse de la venta, tales como: cuando advierta que existi\u00f3 un claro error tipogr\u00e1fico en el precio de publicaci\u00f3n, cuando no haya podido acordar con el Usuario Comprador sobre la forma de pago, de entrega o no sea posible verificar la verdadera identidad o dem\u00e1s informaci\u00f3n del Comprador.<\/p>\n\n\n\n<p class=\"wp-block-paragraph\">Dado que Momentum Optimum es un punto de encuentro entre comprador y vendedor y no participa de las operaciones que se realizan entre ellos, el Vendedor ser\u00e1 responsable por todas las obligaciones y cargas impositivas que correspondan por la venta de sus art\u00edculos, sin que pudiera imput\u00e1rsele a Momentum Optimum alg\u00fan tipo de responsabilidad por incumplimientos en tal sentido.<\/p>\n\n\n\n<p class=\"wp-block-paragraph\">Impuestos. Como se menciona anteriormente, Momentum Optimum s\u00f3lo pone a disposici\u00f3n de los Usuarios un espacio virtual que les permite comunicarse mediante Internet para encontrar una forma de vender o comprar art\u00edculos y\/o servicios; por lo que no tiene participaci\u00f3n alguna en el proceso de negociaci\u00f3n y perfeccionamiento del contrato definitivo entre las partes. Por eso, Momentum Optimum no es responsable por el efectivo cumplimiento de las obligaciones fiscales o impositivas establecidas por la ley vigente.<\/p>\n\n\n\n<p class=\"wp-block-paragraph\">El vendedor acepta que el comprador puede revocar la compra dentro de un plazo de 10 d\u00edas desde que recibe el producto, siempre y cuando el producto se encuentre en las mismas condiciones que fue recibido. Asimismo, el vendedor acepta que los compradores podr\u00e1n pedir el cambio o devoluci\u00f3n del producto hasta 30 d\u00edas despu\u00e9s de la recepci\u00f3n del producto. Siempre y cuando el producto se encuentre en las mismas condiciones que fue recibido.<\/p>\n\n\n\n<p class=\"wp-block-paragraph\">En cualquiera de los mencionados casos, el vendedor deber\u00e1 aceptar el cambio o devoluci\u00f3n del producto vendido y podr\u00e1 hacerse cargo de los gastos que esto conlleve, incluyendo los costos de env\u00edo que fueran necesarios. Momentum Optimum podr\u00e1 debitar estos costos de la cuenta de Momentum del Vendedor del vendedor.<\/p>\n\n\n\n<p class=\"has-custom-css wp-custom-css-9a77c4bd wp-block-paragraph\">Momentum Optimum podr\u00e1 disponibilizar etiquetas de env\u00edos para que el comprador realice la devoluci\u00f3n y debitar el costo de las mismas de la cuenta del vendedor.<\/p>\n","protected":false},"excerpt":{"rendered":"<p>Pol\u00edticas de ventas OBLIGACIONES DEL VENDEDOR El Usuario Vendedor debe tener capacidad legal para vender el bien objeto de su oferta. Solamente en casos excepcionales el Vendedor podr\u00e1 retractarse de la venta, tales como: cuando advierta que existi\u00f3 un claro error tipogr\u00e1fico en el precio de publicaci\u00f3n, cuando no haya podido acordar con el Usuario [&hellip;]<\/p>\n","protected":false},"author":1,"featured_media":0,"parent":0,"menu_order":0,"comment_status":"closed","ping_status":"closed","template":"","meta":{"_crdt_document":"","footnotes":""},"class_list":["post-495","page","type-page","status-publish","hentry"],"_links":{"self":[{"href":"https:\/\/www.momentumoptimum.com\/marketplace\/wp-json\/wp\/v2\/pages\/495","targetHints":{"allow":["GET"]}}],"collection":[{"href":"https:\/\/www.momentumoptimum.com\/marketplace\/wp-json\/wp\/v2\/pages"}],"about":[{"href":"https:\/\/www.momentumoptimum.com\/marketplace\/wp-json\/wp\/v2\/types\/page"}],"author":[{"embeddable":true,"href":"https:\/\/www.momentumoptimum.com\/marketplace\/wp-json\/wp\/v2\/users\/1"}],"replies":[{"embeddable":true,"href":"https:\/\/www.momentumoptimum.com\/marketplace\/wp-json\/wp\/v2\/comments?post=495"}],"version-history":[{"count":1,"href":"https:\/\/www.momentumoptimum.com\/marketplace\/wp-json\/wp\/v2\/pages\/495\/revisions"}],"predecessor-version":[{"id":496,"href":"https:\/\/www.momentumoptimum.com\/marketplace\/wp-json\/wp\/v2\/pages\/495\/revisions\/496"}],"wp:attachment":[{"href":"https:\/\/www.momentumoptimum.com\/marketplace\/wp-json\/wp\/v2\/media?parent=495"}],"curies":[{"name":"wp","href":"https:\/\/api.w.org\/{rel}","templated":true}]}}